?
-114302221
In base 3, what is 2 - 201001211020?
-201001211011
In base 10, what is 1973 - -9512?
11485
In base 6, what is -2115033 - -414?
-2114215
In base 6, what is 404 + -4203251?
-4202443
In base 15, what is -4 - -2701cc6?
2701cc2
In base 14, what is -4aaa9c4 + 2?
-4aaa9c2
In base 14, what is 13 + 184c11c?
184c131
In base 4, what is 10302200000230 + 1?
10302200000231
In base 5, what is -144003141 - -44?
-144003042
In base 2, what is -101 - 10101010010011000100000011100?
-10101010010011000100000100001
In base 10, what is 2335657 - -1?
2335658
In base 14, what is 14273da5 + -5?
14273da0
In base 16, what is bc8d + -16?
bc77
In base 13, what is -11 - a02609?
-a0261a
In base 11, what is -4 - -6657a2?
665799
In base 6, what is 4 + -2111421240?
-2111421232
In base 13, what is -2a5365 - -c?
-2a5356
In base 12, what is 176b + -11a1?
58a
In base 2, what is -101 - 11100000011000000001100101?
-11100000011000000001101010
In base 14, what is 25b - -18b6c?
18dc9
In base 8, what is -2172723 + -101?
-2173024
In base 3, what is -12 + 1121101021200?
1121101021111
In base 6, what is 120312114053 + 0?
120312114053
In base 13, what is 1a - 31384a?
-313830
In base 6, what is 303 + 4433102?
4433405
In base 2, what is 100000010000101100100001 + 0?
100000010000101100100001
In base 12, what is -536958 - -4?
-536954
In base 8, what is 2 - -376542066?
376542070
In base 5, what is -1122022141200 - -4?
-1122022141141
In base 2, what is -10 + 111000000110100111001000011?
111000000110100111001000001
In base 5, what is -3431212 - 412?
-3432124
In base 4, what is 20 + 313210220?
313210300
In base 4, what is 2 + 1021032112?
1021032120
In base 3, what is -110200112002 - 10011012?
-110210200021
In base 2, what is -1001000101101110010001 + -11000?
-1001000101101110101001
In base 15, what is -1caabb25 + 3?
-1caabb22
In base 2, what is 101010000001110001 + -11100000100?
101001100101101101
In base 10, what is 15732621 + -11?
15732610
In base 9, what is -15 + 2226608?
2226583
In base 15, what is -1 - -e4b433?
e4b432
In base 13, what is 3c1800 + -49?
3c1784
In base 6, what is 20320435442 + -5?
20320435433
In base 14, what is 1ba6 + 936?
26dc
In base 8, what is -41 - -636503?
636442
In base 15, what is 5 + 21d1d38b?
21d1d391
In base 11, what is 444 + 375513?
375957
In base 4, what is 13100300311 - 0?
13100300311
In base 3, what is -2 - 10202011010002101?
-10202011010002110
In base 10, what is 201 + 2410960?
2411161
In base 15, what is 1a02 - -c1?
1ac3
In base 5, what is -10101 - -21300221?
21240120
In base 14, what is ab87a - -8?
ab884
In base 5, what is 100241 - -433?
101224
In base 8, what is -5 - 53402636?
-53402643
In base 4, what is 122 + 230113001?
230113123
In base 11, what is -5 - -9735316?
9735311
In base 5, what is -304441201 - -104?
-304441042
In base 10, what is 5 + -127427028?
-127427023
In base 12, what is b8 + -2137?
-203b
In base 16, what is -1480e6 - -1?
-1480e5
In base 9, what is -2188516 + -311?
-2188827
In base 6, what is -3054500 - 355?
-3055255
In base 6, what is 41 - -24113134?
24113215
In base 8, what is 4 - -30044000?
30044004
In base 14, what is -5 - 8864896?
-886489b
In base 7, what is 3662 - -10145653?
10152645
In base 2, what is 1001000110001 + -1110001001110?
-101000011101
In base 15, what is -2da9e - -1ce?
-2d8c0
In base 8, what is 540 + 105252?
106012
In base 5, what is 2 - 130411444?
-130411442
In base 8, what is 1655661407 - -1?
1655661410
In base 14, what is -22c + -265617?
-265845
In base 7, what is 4 - -35014201?
35014205
In base 12, what is -4a8452 - -5?
-4a8449
In base 11, what is 2 - -3826952?
3826954
In base 14, what is -a79bd - 13?
-a79d2
In base 14, what is 7a87 - 378?
770d
In base 9, what is 45 + 431435?
431481
In base 10, what is -2196 - 51344?
-53540
In base 2, what is 1110010001000110 - -10101000?
1110010011101110
In base 2, what is -11010101111111100000 - 1010010010?
-11010110001001110010
In base 4, what is 21311223232 - 11?
21311223221
In base 11, what is -205567680 - 3?
-205567683
In base 8, what is -135 - 40250567?
-40250724
In base 3, what is -102 - 121110111120?
-121110111222
In base 12, what is b86 - 484a?
-3884
In base 7, what is 4124532446 + -2?
4124532444
In base 6, what is -1125510330 - 212?
-1125510542
In base 8, what is 273 + -1126511?
-1126216
In base 10, what is -3241 + 102?
-3139
In base 9, what is -416 - -10140?
8623
In base 12, what is -3 + 6862129?
6862126
In base 11, what is -22566 + 437?
-2212a
In base 7, what is -4 + -563511033?
-563511040
In base 3, what is 1121 - -111110122200?
111110201021
In base 12, what is -3 + 9735362a?
97353627
In base 4, what is -300021003331 - 0?
-300021003331
In base 2, what is 1100111010011 + -1010011?
1100110000000
In base 7, what is 16362610545 - 1?
16362610544
In base 12, what is 31172 + 14?
31186
In base 8, what is 1 + 10334551?
10334552
In base 2, what is -10010 + -1000111011100010101101011?
-1000111011100010101111101
In base 9, what is -3180756 + 2?
-3180754
In base 6, what is 352055 + -521?
351134
In base 2, what is -100101111 + -111011110000101?
-111100010110100
In base 3, what is 11202112 + -2021111012?
-2002201200
In base 10, what is -142716807 + -5?
-142716812
In base 8, what is -1466732 + -4166?
-1473120
In base 10, what is 352474 + -13?
352461
In base 10, what is 2 - -58555426?
58555428
In base 13, what is -7c385 - 174?
-7c529
In base 5, what is 204423 + 43230?
303203
In base 10, what is -4579240 + 3?
-4579237
In base 4, what is -133233331302 + 21?
-133233331221
In base 14, what is 1 - -622769?
62276a
In base 10, what is -958733 + 44?
-958689
In base 5, what is 43123223 + -20?
43123203
In base 4, what is 11300311 - 32020332?
-20120021
In base 4, what is -1222221003320 - -1?
-1222221003313
In base 13, what is -46475 - -160?
-46315
In base 7, what is -10 + 502523?
502513
In base 16, what is 21803 - 1a?
217e9
In base 10, what is 498 - 82266?
-81768
In base 14, what is 280 + 5a51a?
5a79a
In base 8, what is 343212 + 74?
343306
In base 9, what is -40 - -336356?
336316
In base 12, what is 66096 - 29?
66069
In base 14, what is 271659c + -10?
271658c
In base 3, what is -12211001020000 - 10?
-12211001020010
In base 16, what is -63393 - -f?
-63384
In base 12, what is -2 - 9603459?
-960345b
In base 6, what is 15514322421 + -3?
15514322414
In base 11, what is 502281a + 2?
5022821
In base 5, what is -413 - 1010444?
-1011412
In base 10, what is 4333751 - 8?
4333743
In base 12, what is -51440a + 172?
-514258
In base 6, what is 0 + -343231013?
-343231013
In base 3, what is 2111011220021111 - -2?
2111011220021120
In base 13, what is 20c89 + 326?
212b2
In base 10, what is 1 - 9825937?
-9825936
In base 16, what is -8e1 - -daf7?
d216
In base 6, what is 1211043 + -2013?
1205030
In base 16, what is e - 20c3b2?
-20c3a4
In base 2, what is 100010101011110101000 + -1110?
100010101011110011010
In base 2, what is -111100100100 + 100010010000100?
11010101100000
In base 13, what is 1591 + -9a1?
8c0
In base 2, what is -110101111001000110101 - 101100?
-110101111001001100001
In base 4, what is -1120 - 3313330012?
-3313331132
In base 5, what is 1231341 + 4?
1231400
In base 15, what is 34 + 12c813?
12c847
In base 7, what is 6 + 1550363523?
1550363532
In base 11, what is -30 - 7a2a37?
-7a2a67
In base 8, what is 53366412 + 4?
53366416
In base 7, what is 336 + -116002?
-115333
In base 12, what is 13 - 139873?
-139860
In base 14, what is 204380 + -28?
204356
In base 9, what is 206 + 635603?
635810
In base 8, what is 24 - 10104770?
-10104744
In base 7, what is -636061 + 3150?
-632611
In base 15, what is -d9212d + 4?
-d92129
In base 8, what is 7 + -234445622?
-234445613
In base 6, what is 42040222 - -1102?
42041324
In base 13, what is 793a10b + 2?
793a110
In base 3, what is 12121102 + -10200000100?
-10110101221
In base 16, what is -203ffe + -12?
-204010
In base 9, what is -80477631 - 1?
-80477632
In base 10, what is 0 - 33132980?
-33132980
In base 9, what is -127 + -273638?
-273766
In base 9, what is -2335835 - 1?
-2335836
In base 7, what is -51 - 36600630?
-36601011
In base 2, what is -11010001101 + -10110101011010101?
-10111000101100010
In base 11, what is 53 - 1563808?
-1563765
In base 12, what is -2 - 484596b?
-4845971
In base 7, what is 602 - 36315?
-35413
In base 16, what is a493eb - -5?
a493f0
In base 1